e
Is 5940712691 prime?
False
Is 5604486817 a prime number?
True
Is 5829859247 a composite number?
False
Is 13362890561 a prime number?
False
Is 227107217 composite?
True
Is 2690372131 a composite number?
True
Is 114873521869 a composite number?
False
Is 182672929 composite?
False
Is 6999630551 a composite number?
False
Is 5524514759 a prime number?
True
Is 781126488601 a composite number?
False
Is 45301704809 composite?
False
Is 14389878697 a prime number?
True
Is 29315299813 a composite number?
False
Is 5533785077 a prime number?
True
Is 150712323323 a prime number?
True
Is 5824123499 a prime number?
True
Is 29796553 a composite number?
True
Is 87451562227 prime?
False
Is 732887849 prime?
False
Is 8840035327 prime?
True
Is 48353233 prime?
False
Is 4581055711 a prime number?
True
Is 8459013949 a prime number?
True
Is 725660491 prime?
False
Is 2508601649 prime?
True
Is 8413436333 a composite number?
False
Is 531127607 prime?
False
Is 524522809 a composite number?
False
Is 157603246973 composite?
False
Is 13076075603 a composite number?
False
Is 1127112113 prime?
True
Is 51416083 a prime number?
True
Is 7157430461 a composite number?
True
Is 2425825933 composite?
False
Is 148627751 a prime number?
True
Is 32307521 a prime number?
False
Is 521655587 prime?
False
Is 43519714607 composite?
False
Is 26863218545 composite?
True
Is 95922175593 a prime number?
False
Is 14947871711 a composite number?
True
Is 147080797 a composite number?
True
Is 755031223 composite?
False
Is 9964097921 prime?
True
Is 13481896193 a composite number?
False
Is 1071979543 a composite number?
False
Is 1614099407 prime?
True
Is 5727383653 prime?
True
Is 2808421877 a prime number?
False
Is 19066327147 composite?
True
Is 1491376661 a prime number?
True
Is 109743007703 a composite number?
True
Is 1061096243 prime?
False
Is 18748556399 a composite number?
False
Is 598990323 a composite number?
True
Is 58691032811 composite?
False
Is 169193960669 a prime number?
False
Is 658677353 a prime number?
False
Is 423856135 prime?
False
Is 840818903 a composite number?
True
Is 3041453437 a prime number?
False
Is 59991503797 composite?
False
Is 1441657831 a composite number?
True
Is 69999555277 a prime number?
False
Is 15755102437 a composite number?
True
Is 19568979739 a composite number?
False
Is 112508947 composite?
True
Is 639491981 prime?
True
Is 24565407385 a composite number?
True
Is 22623599617 prime?
True
Is 99563237 composite?
True
Is 478673771 a prime number?
False
Is 408174423 prime?
False
Is 2048692973 composite?
False
Is 209180371 a prime number?
True
Is 161604470035 composite?
True
Is 4382110939 composite?
True
Is 3899532633 prime?
False
Is 2833613509 composite?
False
Is 468386131 composite?
True
Is 470204299 a prime number?
False
Is 583508743 a prime number?
False
Is 759104021 a composite number?
True
Is 23661415717 a prime number?
True
Is 1188249323 composite?
True
Is 16519763473 a composite number?
True
Is 1428789697 a prime number?
False
Is 3790664699 composite?
True
Is 1399615531 a prime number?
False
Is 12803941247 a composite number?
False
Is 1369279567 composite?
True
Is 883721131 a composite number?
False
Is 8725355633 a prime number?
True
Is 5215828699 composite?
True
Is 732012571 a prime number?
False
Is 5963509109 composite?
False
Is 16916309633 a composite number?
True
Is 833651441 composite?
True
Is 840733087 composite?
True
Is 20570915837 prime?
True
Is 92371042 prime?
False
Is 456148531 a prime number?
True
Is 8227137055 a prime number?
False
Is 317687873 prime?
True
Is 387250333 prime?
False
Is 71552128289 prime?
True
Is 53596978213 composite?
True
Is 86733175351 a composite number?
True
Is 19489320629 composite?
False
Is 923277739 a prime number?
True
Is 15413096263 a prime number?
True
Is 10969089107 prime?
True
Is 5135604109 a composite number?
False
Is 723891589 a prime number?
True
Is 43802569703 composite?
False
Is 31481315521 prime?
False
Is 42919123147 a prime number?
True
Is 43304324839 a composite number?
True
Is 2870286233 a prime number?
False
Is 497164123 a composite number?
False
Is 96828197 prime?
False
Is 4872046961 a prime number?
False
Is 938512373 prime?
True
Is 48949136003 composite?
True
Is 2007285569 prime?
False
Is 483190543 prime?
False
Is 93551017559 a prime number?
True
Is 3505231019 composite?
True
Is 1539883897 composite?
True
Is 405897113 prime?
False
Is 1076383963 composite?
True
Is 9832548863 prime?
True
Is 8294691247 a composite number?
False
Is 2349616259 a composite number?
True
Is 1047103251 prime?
False
Is 4333933397 composite?
True
Is 864956383 a prime number?
True
Is 692322707 prime?
True
Is 9988061539 composite?
True
Is 397047851 a composite number?
True
Is 4688566809 prime?
False
Is 740448179 composite?
False
Is 640615067 a prime number?
False
Is 21709676731 a composite number?
False
Is 394642439 prime?
True
Is 173348204998 prime?
False
Is 267676417 a composite number?
True
Is 19305125087 a prime number?
True
Is 366960017 a prime number?
False
Is 1807681097 a prime number?
False
Is 11451970693 a composite number?
False
Is 14833984411 a composite number?
False
Is 4795039619 a prime number?
True
Is 67346252789 composite?
False
Is 2155843609 prime?
True
Is 1423811629 a composite number?
True
Is 1129369973 a composite number?
False
Is 275032445 a prime number?
False
Is 1156985113 prime?
False
Is 1012298449 prime?
True
Is 162959893 a composite number?
True
Is 564831763 a composite number?
True
Is 52568053 composite?
False
Is 2210058857 composite?
True
Is 4684812059 prime?
False
Is 5521001021 a prime number?
True
Is 89323607 composite?
False
Is 1260200063 prime?
True
Is 1395485687 prime?
False
Is 90996560111 a prime number?
True
Is 1229940949 a prime number?
False
Is 921691301 a prime number?
False
Is 401983614157 a composite number?
False
Is 1124179781 a composite number?
False
Is 32193197351 composite?
True
Is 36126725507 composite?
False
Is 442652689 a prime number?
False
Is 227800381 composite?
True
Is 2567272601 composite?
False
Is 114922697759 prime?
False
Is 5602300919 prime?
True
Is 2756689165 composite?
True
Is 93709386227 composite?
False
Is 9709113709 composite?
False
Is 59128448263 composite?
False
Is 2126972033 a composite number?
False
Is 422695739 composite?
False
Is 182569778 a prime number?
False
Is 3694762811 composite?
True
Is 1343472679 a composite number?
False
Is 21493140047 a prime number?
True
Is 107077301 prime?
False
Is 47546502761 a prime number?
False
Is 129071294543 composite?
False
Is 4052570603 composite?
False
Is 5983656721 a prime number?
False
Is 8144112893 composite?
True
Is 20654651807 a composite number?
False
Is 340808863 a composite number?
True
Is 73857757 a composite number?
False
Is 3801995851 a composite number?
True
Is 35828918929 a prime number?
False
Is 54071155093 prime?
False
Is 613291183 a prime number?
False
Is 4961772607 prime?
False
Is 281470051 composite?
False
Is 2312200199 composite?
False
Is 1163357473 a prime number?
False
Is 1424693377 composite?
False
Is 28501378 a composite number?
True
Is 15777127 prime?
True
Is 2155043091 a composite number?
True
Is 25316558051 a composite number?
True
Is 13287353899 a composite number?
False
Is 66496402123 a composite number?
False
Is 7390635293 prime?
True
Is 4823369097 a prime number?
False
Is 4389567163 composite?
True
Is 15273788581 composite?
True
Is 3028132966 a prime number?
False
Is 11609034527 a composite number?
False
Is 21210355219 prime?
True
Is 14241740147 composite?
True
Is 13735991827 a prime number?
True
Is 6177255389 a prime number?
False
Is 87920416051 prime?
False
Is 10100581627 a prime number?
False
Is 3990663398 a prime number?
False
Is 1252777627 composite?
False
Is 8412691535 prime?
False
Is 517917479 a prime number?
True
Is 32628563309 composite?
True
Is 270478529 a composite number?
False
Is 1138897489 a composite number?
True
Is 13185730577 a prime number?
True
Is 945480149 a composite number?
False
Is 20230288339 composite?
False
Is 10082299069 a prime number?
True
Is 15936709969 a composite number?
True
Is 974719903 a composite number?
False
Is 8990712715 composite?
True
Is 51932872177 a composite number?
False
Is 2361994429 prime?
False
Is 214856669 prime?
False
Is 12874282567 a composite number?